 = -l. What is the units digit of p?
4
Let y be 6*(-1)/(-2) + 11. Suppose 3*f - 1 = y. What is the units digit of f?
5
Let o be 12/(-20) - (-9)/15. Suppose 4*c = 5*x - 3, o*x - x + 5*c = 12. What is the units digit of x?
3
Suppose 4*f - 7 = 5. Suppose -5*k + k - 125 = f*v, 0 = -5*v - 5*k - 210. Let c = 63 + v. What is the units digit of c?
0
Suppose -5*o + 0*o + 40 = 0. Suppose 4*u - o = -4, 8 = 2*j + 2*u. Let n = 4 - j. What is the units digit of n?
1
What is the tens digit of (-5 + 8)*(0 - -9)?
2
Let x = 89 + -53. What is the tens digit of x?
3
Let w(k) = 5*k**2 + 2*k - 6. Let t be w(5). Suppose 5*q - 237 = 4*i, 0 = -3*q + 2*i - 4*i + t. What is the units digit of 2/(q/39 - 1)?
3
Let v(u) = -3*u**2 + 6*u + 38. Let z(h) = -2*h**2 + 4*h + 25. Let g(l) = -5*v(l) + 7*z(l). What is the units digit of g(7)?
0
Let p(b) = -b**2 - 5*b + 1. What is the units digit of p(-3)?
7
What is the units digit of (-35)/2*-2 + 2?
7
Let l(y) = -y**3 + 8*y**2 + y - 6. Let k be l(8). Suppose 0 = -d + k*d - 1. What is the units digit of d?
1
Let z = -58 + 151. What is the units digit of z?
3
Let n(z) = -z + 6. Let w be n(3). Let v be 186*(-3 + 10/w). Suppose -5*l + v = 12. What is the tens digit of l?
1
Suppose 22 = 2*p - 16. What is the tens digit of p?
1
Suppose -2*k - 14 = -4. Let a be (18*1)/(0 - -2). Let y = k + a. What is the units digit of y?
4
Let v(l) = -l**3 + 12*l**2 + 8*l + 15. Let s be v(11). What is the tens digit of s/(-24)*(-4 + 1)?
2
Let a(k) = k**3 + 7*k**2 + 7*k + 7. What is the units digit of a(-5)?
2
Let y(j) be the second derivative of j**4/12 - 4*j**3/3 + 4*j**2 + 2*j. Let n be y(8). Suppose -i + 5 = 2*f, 3*f + n = -1. What is the tens digit of i?
1
Let u = -1 + 4. Suppose -4*j = 2*p - u*j - 76, 5*j = -4*p + 146. What is the tens digit of p?
3
Let c(g) = g**2 - 6*g + 6. Let y = 7 + -3. Let a be c(y). Let w = a + 6. What is the units digit of w?
4
Let y(d) = -3*d + 15. Let t(p) = -p + 7. Let x(u) = -7*t(u) + 3*y(u). Let l be x(-6). Let a = 14 - l. What is the units digit of a?
6
Suppose -1255 = -3*j - 376. What is the hundreds digit of j?
2
Let t(n) be the second derivative of -11*n**3/6 + n**2/2 + 2*n. What is the units digit of t(-1)?
2
Let p(x) = x**3 + 4. Let q be p(0). Suppose 0 = -5*y + q*d - 88 + 23, -4*d - 25 = 5*y. What is the tens digit of (-97)/y + (-2)/(-9)?
1
Let s(z) be the third derivative of 1/24*z**4 + z**2 + 0*z + 0 + 4/3*z**3. What is the units digit of s(-6)?
2
Let r = -45 - -24. Let t = -14 - r. What is the units digit of t?
7
Let h(g) = -2*g + g - 1 - 4*g. Let u be h(-2). Suppose 0 = c + 4*w - 6, -5*c + w + u = -0. What is the units digit of c?
2
Let y(b) = 10*b - 4. Let i be y(4). Let u = i + -22. Suppose 0 = -6*m + 4*m + u. What is the units digit of m?
7
Let n(m) = -m**3 + 15*m**2 - 12*m + 16. What is the units digit of n(10)?
6
Suppose 2*z = 2, 0*z = -2*o + 5*z + 23. Let c = 20 - o. What is the units digit of c?
6
Suppose 3*k = -10 + 34. Suppose 4*v + 7 = n, -2*v - 3 = -3*n + k. What is the units digit of n?
3
Suppose -4*u = k - 6*k + 5, 5*u + 5*k - 5 = 0. What is the units digit of 1/((-3)/(-111) + u)?
7
Let g(b) = -b + 4. Let f(h) = 4*h**2 - 1. Let o be f(-1). Let t be g(o). What is the units digit of 3 - 2 - (-2)/t?
3
What is the units digit of (-84)/(-15)*(-1 - 14/(-4))?
4
Suppose 16 + 16 = k. What is the units digit of k?
2
Let f be 1/(3 - (0 + 4)). What is the units digit of 2/1 - 3/f?
5
Suppose 0 = -3*o + 43 + 32. Suppose 11 = 10*t - 9. Suppose o = -t*s + 7*s. What is the units digit of s?
5
Let z be (-3 + -2)*3/(-5). Suppose l = -z*l + 92. What is the units digit of l?
3
Suppose 0 = u + 4*u + 5, 2*q - 35 = u. What is the tens digit of q?
1
Suppose 3*r = 8*r - 110. Suppose 6 = -2*d - z + r, -2*z = 4. What is the units digit of d?
9
Let g(z) = -z**2 + 11*z - 5. Let b(d) = 6*d - 3. Let o(q) = 5*b(q) - 2*g(q). What is the units digit of o(-6)?
9
Let t(m) = -m**3 + 9*m**2 - 8*m + 6. Let a(d) = 3*d - 8 + 0*d + 1. Let u be a(5). What is the units digit of t(u)?
6
Let v(j) = -j + 1. Let r be v(-2). Suppose l - r*l = 0. Suppose -3*m + l*m = -4*n + 41, 5*n + 4*m = 59. What is the tens digit of n?
1
What is the units digit of 52*((-135)/(-12))/9?
5
Let s = 18 - 11. Suppose -1 = g - s. What is the units digit of 4/g*9/2?
3
Suppose -5*f + 0*f = 0. Suppose r + 3*r - 116 = f. What is the tens digit of r?
2
Let c(o) = 16*o + 4. Let v be c(2). Suppose 4*u = 2*u + v. What is the units digit of u?
8
Let y(m) = -111*m**3 + m. Let q be y(-1). Suppose 2*r - 12 = q. What is the units digit of (-1)/6 + r/6?
0
Suppose 5*h = -3*w + 51 + 29, 5*h = -5*w + 150. Suppose 4*i - 17 = w. What is the tens digit of i?
1
Let b(k) = 0*k**2 - k**3 + 0*k - k**2 + k + 2. Let j be b(-2). Suppose -z + j = -3*z + 4*l, 0 = -3*z - 4*l + 44. What is the units digit of z?
8
Let l = 463 + -214. What is the hundreds digit of l?
2
Suppose 0 = -3*r + 2*r - 50. Let p = r - -85. What is the tens digit of p?
3
Let c = -36 - -39. Let f = -2 - -8. Suppose c*g = f*g - 6. What is the units digit of g?
2
What is the units digit of ((-4)/4)/((-5)/25)?
5
Let o(t) = -30*t**3 - 3*t**2 + 5*t + 3. What is the tens digit of o(-2)?
2
Suppose q + 4*q - 25 = 0. Suppose q*p + 5*l - 55 = 0, 12 = 4*l - 8. Suppose u = -2*u + p. What is the units digit of u?
2
Let z(x) = -x**2 - 4*x + 3. Let c be z(-5). Let d be 2/(-3)*(c - 1). Suppose -5*s + d*s + 45 = 0. What is the units digit of s?
5
Let l(u) = -291*u - 7. What is the units digit of l(-1)?
4
Let a(m) be the third derivative of -m**5/60 + m**4/8 + 5*m**3/6 + 2*m**2. Let d be a(4). What is the units digit of 9 + d/(3/(-6))?
7
Let l(p) = p**3 - 18*p**2 - 16*p + 22. What is the units digit of l(19)?
9
Let a(k) = 2*k**3 - 4*k**2 - 6*k + 4. What is the tens digit of a(4)?
4
Suppose 28 = -4*n - 0*n. Let p(t) = -t - 3. Let d be p(n). What is the units digit of (-63)/(-12) - 1/d?
5
Let l = 95 + 106. Suppose -o + 2*o - 36 = -5*f, 4*f - l = -5*o. What is the tens digit of o?
4
Suppose -3 = -2*b - 5. What is the tens digit of 13 + 1 + 1/b?
1
Suppose o + 1 = 0, 4*s - 18 = o + o. Let d = 7 - s. What is the units digit of d?
3
What is the tens digit of 3*377*5/15?
7
Let d be 1 + (2 - (2 + -2)). Suppose -d*r - 2 = -11. Suppose 0 = r*f - 4*f + 12. What is the units digit of f?
2
Suppose -3*h + 4 = -2*l, -13 = -5*l - 0*h - 4*h. Suppose -z + 3 + l = 0. Suppose 4*c - z*n = -0*c + 56, c + 5*n = -16. What is the units digit of c?
9
Let a be -8 + (-16)/(-4) - 2. What is the units digit of -3 - 8*39/a?
9
Let x(m) = m + 6. Let r be x(-6). Let v be 2*(r - 1) - -3. Let a(z) = 14*z**3 + z**2. What is the units digit of a(v)?
5
Let z = 21 + -12. Suppose -3*y + z = 30. Let l = 0 - y. What is the units digit of l?
7
What is the tens digit of (((-2)/(-4))/(7/2688))/1?
9
What is the tens digit of 2/(-10) - (-12)/10 - -124?
2
Let b(q) = -6*q**3 + 2*q - 1. Let l be b(1). Let s = -2 + -1. Let n = s - l. What is the units digit of n?
2
Let c = 39 + 267. What is the units digit of c?
6
Let p(n) = 131*n**2 + 2*n + 1. Let g be p(-1). Suppose g = o + 4*o. Suppose -f + o = f. What is the units digit of f?
3
Suppose p = 2*j - 174, 3*j + 4*p - 66 - 173 = 0. What is the units digit of j?
5
Let d = 104 - 73. What is the tens digit of d?
3
Let o(v) be the first derivative of 1/2*v**2 + 1/3*v**3 - v - 2. What is the units digit of o(-4)?
1
Suppose -2*d + 2 = f - 3*d, 0 = -3*f + 5*d. Let g = 3 + f. What is the units digit of g?
8
Suppose 4*b + 0*u - u = 149, 4*b + 2*u = 158. What is the tens digit of b?
3
What is the units digit of 26/7 + 7/(245/10)?
4
Let x(k) = -k**3 + k**2 - 63. Let y be x(0). Let o = 102 + y. What is the tens digit of o?
3
Suppose 0*g + 7 = g. Suppose 2*k - g = -h - 0*k, -5*h + 2*k + 23 = 0. What is the units digit of h?
5
Let i(g) = g**2 - g + 2. Let z be i(0). Suppose -2*n - 14 = -3*d + d, 0 = -d - z*n - 8. What is the units digit of d?
2
Let m(w) = -5*w**3 - w**2. Let l be m(-1). What is the units digit of (14/l + -1)*2?
5
Suppose -22 = 4*y + 18. Let z(r) = -5*r - 2. What is the units digit of z(y)?
8
What is the hundreds digit of (-247)/(-2) - 3/(-6)?
1
Let y(h) = 39*h - 1. What is the tens digit of y(2)?
7
Suppose -3*p - 9 = 0, -3*k - 3*p + 168 = -2*p. What is the tens digit of k?
5
Let j be 31/(-3) + (-4)/6. Let o(t) = -2*t. What is the units digit